{"id":7293,"date":"2025-02-11T13:29:55","date_gmt":"2025-02-11T12:29:55","guid":{"rendered":"https:\/\/saate.es\/proyectos-fachada-ventilada-no-residenciales\/"},"modified":"2025-02-28T22:43:52","modified_gmt":"2025-02-28T21:43:52","slug":"proyectos-fachada-ventilada-no-residenciales","status":"publish","type":"page","link":"https:\/\/saate.es\/ca\/projectes\/facana-ventilada\/no-residencials\/","title":{"rendered":"Projectes Fa\u00e7ana ventilada No residencials"},"content":{"rendered":"<p>[et_pb_section fb_built=&#8221;1&#8243; _builder_version=&#8221;4.16&#8243; global_colors_info=&#8221;{}&#8221;][et_pb_row column_structure=&#8221;1_3,1_3,1_3&#8243; _builder_version=&#8221;4.27.4&#8243; _module_preset=&#8221;default&#8221; custom_css_main_element=&#8221;text-align:center;&#8221; global_colors_info=&#8221;{}&#8221;][et_pb_column type=&#8221;1_3&#8243; _builder_version=&#8221;4.27.4&#8243; _module_preset=&#8221;default&#8221; global_colors_info=&#8221;{}&#8221;][et_pb_button button_url=&#8221;https:\/\/saate.es\/ca\/projectes\/facana-ventilada\/unifamiliars\/&#8221; button_text=&#8221;Unifamiliars&#8221; _builder_version=&#8221;4.27.4&#8243; _module_preset=&#8221;default&#8221; custom_button=&#8221;on&#8221; global_colors_info=&#8221;{}&#8221;][\/et_pb_button][\/et_pb_column][et_pb_column type=&#8221;1_3&#8243; _builder_version=&#8221;4.27.4&#8243; _module_preset=&#8221;default&#8221; global_colors_info=&#8221;{}&#8221;][et_pb_button button_url=&#8221;https:\/\/saate.es\/ca\/projectes\/facana-ventilada\/residencials&#8221; button_text=&#8221;Residencials&#8221; _builder_version=&#8221;4.27.4&#8243; _module_preset=&#8221;default&#8221; global_colors_info=&#8221;{}&#8221;][\/et_pb_button][\/et_pb_column][et_pb_column type=&#8221;1_3&#8243; _builder_version=&#8221;4.27.4&#8243; _module_preset=&#8221;default&#8221; global_colors_info=&#8221;{}&#8221;][et_pb_button button_url=&#8221;https:\/\/saate.es\/ca\/projectes\/facana-ventilada\/no-residencials\/&#8221; button_text=&#8221;No residencials&#8221; module_class=&#8221;boto_actiu&#8221; _builder_version=&#8221;4.27.4&#8243; _module_preset=&#8221;default&#8221; global_colors_info=&#8221;{}&#8221;][\/et_pb_button][\/et_pb_column][\/et_pb_row][et_pb_row _builder_version=&#8221;4.16&#8243; background_size=&#8221;initial&#8221; background_position=&#8221;top_left&#8221; background_repeat=&#8221;repeat&#8221; global_colors_info=&#8221;{}&#8221;][et_pb_column type=&#8221;4_4&#8243; _builder_version=&#8221;4.16&#8243; custom_padding=&#8221;|||&#8221; global_colors_info=&#8221;{}&#8221; custom_padding__hover=&#8221;|||&#8221;][et_pb_filterable_portfolio fullwidth=&#8221;off&#8221; posts_number=&#8221;20&#8243; include_categories=&#8221;228,227&#8243; show_categories=&#8221;off&#8221; zoom_icon_color=&#8221;#ffffff&#8221; hover_icon=&#8221;&#x50;||divi||400&#8243; module_class=&#8221;three-column-grid&#8221; _builder_version=&#8221;4.27.4&#8243; text_orientation=&#8221;center&#8221; global_colors_info=&#8221;{}&#8221;][\/et_pb_filterable_portfolio][\/et_pb_column][\/et_pb_row][\/et_pb_section]<\/p>\n","protected":false},"excerpt":{"rendered":"<a href='https:\/\/saate.es\/ca\/projectes\/facana-ventilada\/no-residencials\/'>Descobriu com SAATE Premium Building Systems transforma projectes no residencials amb fa\u00e7anes ventilades d&#8217;alta qualitat, combinant efici\u00e8ncia energ\u00e8tica, disseny modern i durabilitat.\n<\/a>... <a href='https:\/\/saate.es\/ca\/projectes\/facana-ventilada\/no-residencials\/'>Llegir m&eacute;s<\/a>.","protected":false},"author":1,"featured_media":0,"parent":0,"menu_order":0,"comment_status":"closed","ping_status":"closed","template":"","meta":{"_et_pb_use_builder":"on","_et_pb_old_content":"","_et_gb_content_width":"","footnotes":""},"class_list":["post-7293","page","type-page","status-publish"],"_links":{"self":[{"href":"https:\/\/saate.es\/ca\/wp-json\/wp\/v2\/pages\/7293","targetHints":{"allow":["GET"]}}],"collection":[{"href":"https:\/\/saate.es\/ca\/wp-json\/wp\/v2\/pages"}],"about":[{"href":"https:\/\/saate.es\/ca\/wp-json\/wp\/v2\/types\/page"}],"author":[{"embeddable":true,"href":"https:\/\/saate.es\/ca\/wp-json\/wp\/v2\/users\/1"}],"replies":[{"embeddable":true,"href":"https:\/\/saate.es\/ca\/wp-json\/wp\/v2\/comments?post=7293"}],"version-history":[{"count":14,"href":"https:\/\/saate.es\/ca\/wp-json\/wp\/v2\/pages\/7293\/revisions"}],"predecessor-version":[{"id":12023,"href":"https:\/\/saate.es\/ca\/wp-json\/wp\/v2\/pages\/7293\/revisions\/12023"}],"wp:attachment":[{"href":"https:\/\/saate.es\/ca\/wp-json\/wp\/v2\/media?parent=7293"}],"curies":[{"name":"wp","href":"https:\/\/api.w.org\/{rel}","templated":true}]}}

Projectes Façana ventilada No residencials

<a href='https://saate.es/ca/projectes/facana-ventilada/no-residencials/'>Descobriu com SAATE Premium Building Systems transforma projectes no residencials amb façanes ventilades d&#8217;alta qualitat, combinant eficiència energètica, disseny modern i durabilitat.
</a>... <a href='https://saate.es/ca/projectes/facana-ventilada/no-residencials/'>Llegir m&eacute;s</a>.
